{"id":666,"date":"2016-01-21T21:18:13","date_gmt":"2016-01-21T20:18:13","guid":{"rendered":"http:\/\/thierrychollat.com\/pages\/?page_id=7"},"modified":"2016-01-21T21:18:13","modified_gmt":"2016-01-21T20:18:13","slug":"archives","status":"publish","type":"page","link":"https:\/\/thierrychollat.com\/sculptures\/archives\/","title":{"rendered":"Archives"},"content":{"rendered":"<h6 style=\"text-align: center;\">Retrouvez dans la page archives les galeries pr\u00e9c\u00e9dentes\u00a0et des liens vid\u00e9os et images<\/h6>\n<p>&nbsp;<\/p>\n<p style=\"text-align: center;\">Visitez l&rsquo;ancien site :\u00a0<\/p>\n<p><a href=\"http:\/\/www.thierrychollat.com\/pages\/anciensite\/index.html\" target=\"_blank\" rel=\"attachment wp-att-139 noopener\"><img loading=\"lazy\" decoding=\"async\" class=\"aligncenter wp-image-139 size-full\" src=\"http:\/\/thierrychollat.com\/pages\/wp-content\/uploads\/2016\/01\/anciensite.jpg\" alt=\"anciensite\" width=\"600\" height=\"476\" srcset=\"https:\/\/thierrychollat.com\/sculptures\/wp-content\/uploads\/2016\/01\/anciensite.jpg 600w, https:\/\/thierrychollat.com\/sculptures\/wp-content\/uploads\/2016\/01\/anciensite-300x238.jpg 300w\" sizes=\"auto, (max-width: 600px) 100vw, 600px\" \/><\/a><\/p>\n<p>&nbsp;<\/p>\n<p style=\"text-align: center;\">Vid\u00e9o<\/p>\n<p style=\"text-align: center;\"><iframe loading=\"lazy\" src=\"\/\/player.vimeo.com\/video\/41903594?title=0&amp;amp;byline=0\" width=\"500\" height=\"281\" frameborder=\"0\" allowfullscreen=\"allowfullscreen\"><\/iframe><\/p>\n<p style=\"text-align: center;\">\u00a0<\/p>\n<p style=\"text-align: center;\">La page sur Art Animalier<\/p>\n<p style=\"text-align: center;\"><a href=\"http:\/\/www.art-animalier.fr\/chollat\/\" target=\"_blank\" rel=\"attachment wp-att-141 noopener\"><img loading=\"lazy\" decoding=\"async\" class=\"aligncenter wp-image-141 size-full\" src=\"http:\/\/thierrychollat.com\/pages\/wp-content\/uploads\/2016\/01\/artanimalier.jpg\" alt=\"artanimalier\" width=\"600\" height=\"330\" srcset=\"https:\/\/thierrychollat.com\/sculptures\/wp-content\/uploads\/2016\/01\/artanimalier.jpg 600w, https:\/\/thierrychollat.com\/sculptures\/wp-content\/uploads\/2016\/01\/artanimalier-300x165.jpg 300w\" sizes=\"auto, (max-width: 600px) 100vw, 600px\" \/><\/a><\/p>\n<p style=\"text-align: center;\">\u00a0<\/p>\n<p style=\"text-align: center;\">La page sur Weoneart<\/p>\n<p style=\"text-align: center;\"><a href=\"http:\/\/www.galerie-com.com\/artiste\/thierry-chollat\/4454\/\" target=\"_blank\" rel=\"attachment wp-att-142 noopener\"><img loading=\"lazy\" decoding=\"async\" class=\"aligncenter wp-image-142 size-full\" src=\"http:\/\/thierrychollat.com\/pages\/wp-content\/uploads\/2016\/01\/weoneart.jpg\" alt=\"weoneart\" width=\"600\" height=\"307\" srcset=\"https:\/\/thierrychollat.com\/sculptures\/wp-content\/uploads\/2016\/01\/weoneart.jpg 600w, https:\/\/thierrychollat.com\/sculptures\/wp-content\/uploads\/2016\/01\/weoneart-300x154.jpg 300w\" sizes=\"auto, (max-width: 600px) 100vw, 600px\" \/><\/a><\/p>\n<p style=\"text-align: center;\">\u00a0<\/p>\n<p style=\"text-align: center;\">Le Blog<\/p>\n<p style=\"text-align: center;\"><a href=\"http:\/\/thierrychollat.blogspot.fr\/\" target=\"_blank\" rel=\"attachment wp-att-143 noopener\"><img loading=\"lazy\" decoding=\"async\" class=\"aligncenter wp-image-143 size-full\" src=\"http:\/\/thierrychollat.com\/pages\/wp-content\/uploads\/2016\/01\/blog.jpg\" alt=\"blog\" width=\"600\" height=\"339\" srcset=\"https:\/\/thierrychollat.com\/sculptures\/wp-content\/uploads\/2016\/01\/blog.jpg 600w, https:\/\/thierrychollat.com\/sculptures\/wp-content\/uploads\/2016\/01\/blog-300x170.jpg 300w\" sizes=\"auto, (max-width: 600px) 100vw, 600px\" \/><\/a><\/p>\n<p style=\"text-align: center;\">\u00a0<\/p>\n<p style=\"text-align: center;\">\u00a0<\/p>\n<p style=\"text-align: center;\">\u00a0<\/p>\n","protected":false},"excerpt":{"rendered":"<p>Retrouvez dans la page archives les galeries pr\u00e9c\u00e9dentes\u00a0et des liens vid\u00e9os et images &nbsp; Visitez l&rsquo;ancien site :\u00a0 &nbsp; Vid\u00e9o \u00a0 La page sur Art Animalier \u00a0 La page sur Weoneart \u00a0 Le Blog \u00a0 \u00a0 \u00a0<\/p>\n","protected":false},"author":1,"featured_media":0,"parent":0,"menu_order":0,"comment_status":"closed","ping_status":"closed","template":"template-fullwidth.php","meta":{"_et_pb_use_builder":"","_et_pb_old_content":"","_et_gb_content_width":"","footnotes":""},"class_list":["post-666","page","type-page","status-publish","hentry"],"yoast_head":"<!-- This site is optimized with the Yoast SEO plugin v19.1 - https:\/\/yoast.com\/wordpress\/plugins\/seo\/ -->\n<title>Archives | Thierry Chollat, sculpteur | France, Is\u00e8re<\/title>\n<meta name=\"robots\" content=\"index, follow, max-snippet:-1, max-image-preview:large, max-video-preview:-1\" \/>\n<link rel=\"canonical\" href=\"https:\/\/thierrychollat.com\/sculptures\/archives\/\" \/>\n<meta property=\"og:locale\" content=\"fr_FR\" \/>\n<meta property=\"og:type\" content=\"article\" \/>\n<meta property=\"og:title\" content=\"Archives | Thierry Chollat, sculpteur | France, Is\u00e8re\" \/>\n<meta property=\"og:description\" content=\"Retrouvez dans la page archives les galeries pr\u00e9c\u00e9dentes\u00a0et des liens vid\u00e9os et images &nbsp; Visitez l&rsquo;ancien site :\u00a0 &nbsp; Vid\u00e9o \u00a0 La page sur Art Animalier \u00a0 La page sur Weoneart \u00a0 Le Blog \u00a0 \u00a0 \u00a0\" \/>\n<meta property=\"og:url\" content=\"https:\/\/thierrychollat.com\/sculptures\/archives\/\" \/>\n<meta property=\"og:site_name\" content=\"Thierry Chollat, sculpteur\" \/>\n<meta property=\"og:image\" content=\"http:\/\/thierrychollat.com\/pages\/wp-content\/uploads\/2016\/01\/anciensite.jpg\" \/>\n<meta name=\"twitter:card\" content=\"summary_large_image\" \/>\n<script type=\"application\/ld+json\" class=\"yoast-schema-graph\">{\"@context\":\"https:\/\/schema.org\",\"@graph\":[{\"@type\":[\"Person\",\"Organization\"],\"@id\":\"https:\/\/thierrychollat.com\/sculptures\/#\/schema\/person\/60a6029413e436e8955ef63edf88f85c\",\"name\":\"Thierry Chollat\",\"image\":{\"@type\":\"ImageObject\",\"inLanguage\":\"fr-FR\",\"@id\":\"https:\/\/thierrychollat.com\/sculptures\/#\/schema\/person\/image\/\",\"url\":\"https:\/\/thierrychollat.com\/sculptures\/wp-content\/uploads\/2016\/01\/Voluptes-chimeriques.jpg\",\"contentUrl\":\"https:\/\/thierrychollat.com\/sculptures\/wp-content\/uploads\/2016\/01\/Voluptes-chimeriques.jpg\",\"width\":1417,\"height\":2040,\"caption\":\"Thierry Chollat\"},\"logo\":{\"@id\":\"https:\/\/thierrychollat.com\/sculptures\/#\/schema\/person\/image\/\"},\"sameAs\":[\"https:\/\/thierrychollat.com\/sculptures\"]},{\"@type\":\"WebSite\",\"@id\":\"https:\/\/thierrychollat.com\/sculptures\/#website\",\"url\":\"https:\/\/thierrychollat.com\/sculptures\/\",\"name\":\"Thierry Chollat, sculpteur\",\"description\":\"Sculptures en fer, m\u00e9tal, bois | Illustrations, Interpr\u00e9tations d&#039;instruments de musique, bestiaire\",\"publisher\":{\"@id\":\"https:\/\/thierrychollat.com\/sculptures\/#\/schema\/person\/60a6029413e436e8955ef63edf88f85c\"},\"potentialAction\":[{\"@type\":\"SearchAction\",\"target\":{\"@type\":\"EntryPoint\",\"urlTemplate\":\"https:\/\/thierrychollat.com\/sculptures\/?s={search_term_string}\"},\"query-input\":\"required name=search_term_string\"}],\"inLanguage\":\"fr-FR\"},{\"@type\":\"ImageObject\",\"inLanguage\":\"fr-FR\",\"@id\":\"https:\/\/thierrychollat.com\/sculptures\/archives\/#primaryimage\",\"url\":\"http:\/\/thierrychollat.com\/pages\/wp-content\/uploads\/2016\/01\/anciensite.jpg\",\"contentUrl\":\"http:\/\/thierrychollat.com\/pages\/wp-content\/uploads\/2016\/01\/anciensite.jpg\"},{\"@type\":\"WebPage\",\"@id\":\"https:\/\/thierrychollat.com\/sculptures\/archives\/#webpage\",\"url\":\"https:\/\/thierrychollat.com\/sculptures\/archives\/\",\"name\":\"Archives | Thierry Chollat, sculpteur | France, Is\u00e8re\",\"isPartOf\":{\"@id\":\"https:\/\/thierrychollat.com\/sculptures\/#website\"},\"primaryImageOfPage\":{\"@id\":\"https:\/\/thierrychollat.com\/sculptures\/archives\/#primaryimage\"},\"datePublished\":\"2016-01-21T20:18:13+00:00\",\"dateModified\":\"2016-01-21T20:18:13+00:00\",\"breadcrumb\":{\"@id\":\"https:\/\/thierrychollat.com\/sculptures\/archives\/#breadcrumb\"},\"inLanguage\":\"fr-FR\",\"potentialAction\":[{\"@type\":\"ReadAction\",\"target\":[\"https:\/\/thierrychollat.com\/sculptures\/archives\/\"]}]},{\"@type\":\"BreadcrumbList\",\"@id\":\"https:\/\/thierrychollat.com\/sculptures\/archives\/#breadcrumb\",\"itemListElement\":[{\"@type\":\"ListItem\",\"position\":1,\"name\":\"Accueil\",\"item\":\"https:\/\/thierrychollat.com\/sculptures\/\"},{\"@type\":\"ListItem\",\"position\":2,\"name\":\"Archives\"}]}]}<\/script>\n<!-- \/ Yoast SEO plugin. -->","yoast_head_json":{"title":"Archives | Thierry Chollat, sculpteur | France, Is\u00e8re","robots":{"index":"index","follow":"follow","max-snippet":"max-snippet:-1","max-image-preview":"max-image-preview:large","max-video-preview":"max-video-preview:-1"},"canonical":"https:\/\/thierrychollat.com\/sculptures\/archives\/","og_locale":"fr_FR","og_type":"article","og_title":"Archives | Thierry Chollat, sculpteur | France, Is\u00e8re","og_description":"Retrouvez dans la page archives les galeries pr\u00e9c\u00e9dentes\u00a0et des liens vid\u00e9os et images &nbsp; Visitez l&rsquo;ancien site :\u00a0 &nbsp; Vid\u00e9o \u00a0 La page sur Art Animalier \u00a0 La page sur Weoneart \u00a0 Le Blog \u00a0 \u00a0 \u00a0","og_url":"https:\/\/thierrychollat.com\/sculptures\/archives\/","og_site_name":"Thierry Chollat, sculpteur","og_image":[{"url":"http:\/\/thierrychollat.com\/pages\/wp-content\/uploads\/2016\/01\/anciensite.jpg"}],"twitter_card":"summary_large_image","schema":{"@context":"https:\/\/schema.org","@graph":[{"@type":["Person","Organization"],"@id":"https:\/\/thierrychollat.com\/sculptures\/#\/schema\/person\/60a6029413e436e8955ef63edf88f85c","name":"Thierry Chollat","image":{"@type":"ImageObject","inLanguage":"fr-FR","@id":"https:\/\/thierrychollat.com\/sculptures\/#\/schema\/person\/image\/","url":"https:\/\/thierrychollat.com\/sculptures\/wp-content\/uploads\/2016\/01\/Voluptes-chimeriques.jpg","contentUrl":"https:\/\/thierrychollat.com\/sculptures\/wp-content\/uploads\/2016\/01\/Voluptes-chimeriques.jpg","width":1417,"height":2040,"caption":"Thierry Chollat"},"logo":{"@id":"https:\/\/thierrychollat.com\/sculptures\/#\/schema\/person\/image\/"},"sameAs":["https:\/\/thierrychollat.com\/sculptures"]},{"@type":"WebSite","@id":"https:\/\/thierrychollat.com\/sculptures\/#website","url":"https:\/\/thierrychollat.com\/sculptures\/","name":"Thierry Chollat, sculpteur","description":"Sculptures en fer, m\u00e9tal, bois | Illustrations, Interpr\u00e9tations d&#039;instruments de musique, bestiaire","publisher":{"@id":"https:\/\/thierrychollat.com\/sculptures\/#\/schema\/person\/60a6029413e436e8955ef63edf88f85c"},"potentialAction":[{"@type":"SearchAction","target":{"@type":"EntryPoint","urlTemplate":"https:\/\/thierrychollat.com\/sculptures\/?s={search_term_string}"},"query-input":"required name=search_term_string"}],"inLanguage":"fr-FR"},{"@type":"ImageObject","inLanguage":"fr-FR","@id":"https:\/\/thierrychollat.com\/sculptures\/archives\/#primaryimage","url":"http:\/\/thierrychollat.com\/pages\/wp-content\/uploads\/2016\/01\/anciensite.jpg","contentUrl":"http:\/\/thierrychollat.com\/pages\/wp-content\/uploads\/2016\/01\/anciensite.jpg"},{"@type":"WebPage","@id":"https:\/\/thierrychollat.com\/sculptures\/archives\/#webpage","url":"https:\/\/thierrychollat.com\/sculptures\/archives\/","name":"Archives | Thierry Chollat, sculpteur | France, Is\u00e8re","isPartOf":{"@id":"https:\/\/thierrychollat.com\/sculptures\/#website"},"primaryImageOfPage":{"@id":"https:\/\/thierrychollat.com\/sculptures\/archives\/#primaryimage"},"datePublished":"2016-01-21T20:18:13+00:00","dateModified":"2016-01-21T20:18:13+00:00","breadcrumb":{"@id":"https:\/\/thierrychollat.com\/sculptures\/archives\/#breadcrumb"},"inLanguage":"fr-FR","potentialAction":[{"@type":"ReadAction","target":["https:\/\/thierrychollat.com\/sculptures\/archives\/"]}]},{"@type":"BreadcrumbList","@id":"https:\/\/thierrychollat.com\/sculptures\/archives\/#breadcrumb","itemListElement":[{"@type":"ListItem","position":1,"name":"Accueil","item":"https:\/\/thierrychollat.com\/sculptures\/"},{"@type":"ListItem","position":2,"name":"Archives"}]}]}},"_links":{"self":[{"href":"https:\/\/thierrychollat.com\/sculptures\/wp-json\/wp\/v2\/pages\/666","targetHints":{"allow":["GET"]}}],"collection":[{"href":"https:\/\/thierrychollat.com\/sculptures\/wp-json\/wp\/v2\/pages"}],"about":[{"href":"https:\/\/thierrychollat.com\/sculptures\/wp-json\/wp\/v2\/types\/page"}],"author":[{"embeddable":true,"href":"https:\/\/thierrychollat.com\/sculptures\/wp-json\/wp\/v2\/users\/1"}],"replies":[{"embeddable":true,"href":"https:\/\/thierrychollat.com\/sculptures\/wp-json\/wp\/v2\/comments?post=666"}],"version-history":[{"count":1,"href":"https:\/\/thierrychollat.com\/sculptures\/wp-json\/wp\/v2\/pages\/666\/revisions"}],"predecessor-version":[{"id":692,"href":"https:\/\/thierrychollat.com\/sculptures\/wp-json\/wp\/v2\/pages\/666\/revisions\/692"}],"wp:attachment":[{"href":"https:\/\/thierrychollat.com\/sculptures\/wp-json\/wp\/v2\/media?parent=666"}],"curies":[{"name":"wp","href":"https:\/\/api.w.org\/{rel}","templated":true}]}}